he units digit of n/(-42) + (-6)/14?
1
Let o = -7414 + 13982. What is the hundreds digit of o?
5
Suppose 4*p - 24 = -4. Suppose -5*u - p*h + 755 = 0, 5*u - 3*h - 292 = 3*u. Suppose -4*d = -u - 183. What is the tens digit of d?
8
Let l(f) = -7*f - 17. Suppose -k = -2 + 17. Let b be l(k). Suppose -2*z - 4*j = -b, -3*z - 4*j + 69 + 61 = 0. What is the units digit of z?
2
Let u = 76650 - 47545. What is the ten thousands digit of u?
2
Let n be 2 + 12/(-5) + (-544112)/(-155). Suppose 18*s = 23*s - n. What is the units digit of s?
2
Let m(x) = 9*x**2 - 6*x + 79. Let c be m(10). Suppose l - c = -o + 3*l, 5*o - 3*l = 4595. What is the hundreds digit of o?
9
Suppose 4*k = -5*n + 3 + 102, -2*n = -5*k + 90. Suppose 0 = 3*f - k + 128. What is the units digit of 8/f - 166/(-18)?
9
Let d = 104 - 87. Suppose d*v - 748 = 13*v. What is the tens digit of v?
8
Let n(l) = l**2 - 21*l + 20. Let r be n(20). Suppose r = -a - a + 22. Let o = a + 203. What is the tens digit of o?
1
Let s = -5419 - -34622. What is the hundreds digit of s?
2
Let z be (-1)/2 - (-7)/14. Suppose -q + z*q + 2*w + 14 = 0, 35 = 5*q - 3*w. Suppose -4*c - 5*s + 113 = 0, q*c + s - 119 = -2*s. What is the units digit of c?
2
Let y(a) = 3*a**3 - 32*a**2 - 101*a + 12. Let q(g) = 4*g**3 - 32*g**2 - 102*g + 11. Let w(d) = -2*q(d) + 3*y(d). What is the tens digit of w(35)?
2
What is the thousands digit of (-15 + 7 + (-136)/(-16))*10774?
5
Suppose 5*c - 50 + 25 = 0. Suppose c*t + 15 - 5 = 0, -3*t = 4*j - 1162. What is the units digit of j?
2
Let r(l) = 2053*l - 490. What is the tens digit of r(6)?
2
Suppose 3*r + 4*q - 10718 = 43050, -5*r + q + 89644 = 0. What is the thousands digit of r?
7
Let i(t) = -10*t + 5. Let a be i(-4). Let r = a + 28. Let b = r - -186. What is the tens digit of b?
5
What is the hundreds digit of (120478/(-59))/((-2)/5)?
1
Suppose 0 = p - 19 + 10. Let f(t) = -12 - 9*t**2 + t + t**3 - p*t + 11*t. What is the units digit of f(9)?
5
Suppose 2*v + 28332 = -22*b + 24*b, 5*b + v = 70830. What is the units digit of b?
6
Let x = -166 + 243. Suppose -66*a + x*a = 2893. What is the units digit of a?
3
Suppose -k - 4 = -4*k + 5*h, -4 = -k + 3*h. Let z(q) = -176*q**3 + 8*q + 5. What is the tens digit of z(k)?
9
Suppose 0 = 2*g + 3*k - 95, -6*k + 3*k = 4*g - 193. Suppose -g*d = -58*d + 2466. What is the tens digit of d?
7
Suppose 4*q - 11632 - 32141 = -z, -q + z = -10947. What is the hundreds digit of q?
9
Suppose -32*b + 14516 = -1036. Let w = -138 + b. What is the tens digit of w?
4
What is the hundreds digit of 50574/9*(-24)/(-16)?
4
Let f be (-158)/(-18) + (-1)/(-27)*6. Suppose 26 = 7*s - f. Suppose -2*c - s*c = -1022. What is the units digit of c?
6
Let w(q) = 5*q**2 + 96*q - 2814. What is the tens digit of w(33)?
9
Let z be 4262/5*(31 - 21). Suppose 6804 = 4*t + 3*f, -5*t - 15*f + z = -16*f. What is the tens digit of t?
0
Let a = 161 + -161. Suppose 3*z - 154 = z + 2*v, a = -3*v. What is the tens digit of z?
7
Let b = -323 - -868. Suppose -549*o + 2400 = -b*o. What is the hundreds digit of o?
6
Suppose 4*w + 4*s = 80, w + 0*s - 4*s = 5. Suppose w*v - 27*v = -660. What is the units digit of v?
6
Let p = -405 - -407. Suppose 3*c + p*x - 3601 = 0, 0 = -2*c + 6*c - 5*x - 4832. What is the thousands digit of c?
1
Suppose 4*g + p - 18 = 0, -4 + 2 = -2*g - 4*p. Let d = -1 + g. Suppose d*a - 2*t - 238 = 0, -a - 4*t + 173 = 2*a. What is the tens digit of a?
5
Let o(i) = 1785*i**3 + 2*i**2 + 17*i - 37. What is the thousands digit of o(2)?
4
Suppose 142*p - 124*p - 400140 = 0. What is the thousands digit of p?
2
Let l(d) = 19*d**2 + 4*d. Suppose -3*i = x, -i + 0 - 2 = x. Let w be l(x). Let a = w + -92. What is the tens digit of a?
6
Let p(n) = 20 + 7*n - 10 - 60*n. Suppose 226*y - 2 = 227*y. What is the hundreds digit of p(y)?
1
What is the tens digit of 1/((-196732)/24592 + 8)?
4
Let d(q) = 36 + 18*q - 20*q - 8 + 10*q**2 + 3. What is the tens digit of d(6)?
7
Let t(o) = -o**2 + 15*o - 27. Let j(m) = -m**2 - 2*m + 3. Let v be j(0). Let i be 7/((-35)/(-18))*10/v. What is the units digit of t(i)?
9
Suppose 156*h = 169288 + 261272. What is the tens digit of h?
6
Let h be 3 + 5 - (-19731 - -2). Suppose -23*a = 4*a - h. What is the hundreds digit of a?
7
Let t be 3 + 1 + 0 + 1. Let q(h) = 63*h - 56. What is the units digit of q(t)?
9
Let c(r) be the first derivative of r**5/10 - 2*r**4/3 - 11*r**3/6 + 7*r**2 + r + 49. Let l(j) be the first derivative of c(j). What is the units digit of l(6)?
2
Let p = -4751 - -24737. What is the hundreds digit of p?
9
Let a(b) = -93*b - 1457. What is the units digit of a(-44)?
5
Let p be (-2 - 3376)/(-6) - 1. Suppose -2*d + w + p = 0, 5*d - 3*w - 879 = 528. What is the tens digit of d?
7
Suppose -2*h = -5*i - 44929, 0 = 8*h - 11*h + 2*i + 67432. What is the tens digit of h?
8
Let h be (3 - 4)*39*70/(-21). Suppose -4*c - 2*w = -202, -4*c + 2*w - 251 = -9*c. Let s = h - c. What is the tens digit of s?
8
Let n = -4158 + 5857. What is the thousands digit of n?
1
Let i(m) = -m**3 + 5*m**2 + 27*m - 15. Let t be i(8). Suppose f - y = 520, -t*f = -11*f - y + 1028. What is the units digit of f?
6
Let z(l) = 19*l**3 - 27*l**2 - 35*l + 16. What is the hundreds digit of z(14)?
3
Let u(i) be the third derivative of -47*i**5/30 - 5*i**4/24 - 2*i**3/3 + 9*i**2. Let x be u(-2). Let q = -159 - x. What is the units digit of q?
1
Let g(x) be the second derivative of x**5/20 - 4*x**4/3 - 19*x**3/3 + 25*x**2 + 151*x. What is the units digit of g(20)?
0
Let m(h) = h**3 + 12*h**2 - 4*h - 46. Let c be m(-12). Suppose 4*s = -0*s - 5*f + 1306, c*s + 5*f = 658. What is the tens digit of s?
2
Suppose -2*k - 2 = u, -3*u + 2*k = -2*k + 16. Let r be 1850/7 - u/(-14). What is the units digit of ((-1)/3)/((-11)/r)?
8
Let w = 21 + -16. Suppose 2*b = -w*t + 1134, t + 3*b - 69 = 150. What is the hundreds digit of t?
2
Suppose -5*w - 87 = -257. Let g = -4 + w. What is the units digit of (-19)/((2/g)/(3/(-9)))?
5
Let c(w) = 24*w**2 - 69 - 2*w**3 + 2 - 45*w + 2*w**3 - 4*w**3 + 3*w**3. What is the tens digit of c(21)?
1
Let x(i) = -15*i - 25. Let n(q) = q**3 - 15*q**2 - 18*q + 19. Let y be n(16). Let h be x(y). Suppose z - h + 18 = 0. What is the hundreds digit of z?
1
What is the hundreds digit of ((-859)/(-4))/(348/2320*(-1)/(-6))?
5
Let b be (10/(-6))/((-1)/75). Suppose 0 = 3*a + 2*a - 5*d + b, -128 = 5*a - 4*d. Let z = 41 - a. What is the units digit of z?
9
Suppose 3*q + 50066 = 5*k, 6*k = 11*k - 4*q - 50068. Suppose -5*t - 2567 + k = 2*h, 5*h - 25 = 0. What is the hundreds digit of t?
4
Let v(m) be the first derivative of -187*m**2/2 + 129*m + 166. What is the tens digit of v(-4)?
7
Let a(o) = o**2 - 5*o. Let c(v) = 3*v**2 - 10*v - 1. Let p(w) = -5*a(w) + 2*c(w). Let i be ((-588)/126)/(0 - (-2)/(-3)). What is the units digit of p(i)?
2
Let g = -3245 - -5237. What is the hundreds digit of g?
9
Suppose -3*b + 2*b + 55228 = 5*k, 4*k - 44216 = 4*b. What is the units digit of k?
7
Let f be (-2 - -6)/((-9)/(135/(-10))). Suppose f*p - 11*p + 395 = 0. What is the tens digit of p?
7
Let r = -4534 - -13442. What is the tens digit of r?
0
Let w = 399 + 417. Let h = 1763 - w. What is the tens digit of h?
4
Let s(b) = -7 + 17 - 11 - b**2 - 8 - 32*b. What is the tens digit of s(-16)?
4
Let v(s) = 14*s**2 - 10*s - 17. Let h be 97/(-19) - (0 - 12/114). What is the tens digit of v(h)?
8
Suppose 0 = -5*m, 4*m - 7 = 3*s - 4. Let v be (6/(-9))/s*6/(-4). Let q = v - -15. What is the tens digit of q?
1
Let g = -331 - -370. What is the hundreds digit of g/(3 - (-114)/(-39))?
5
Let d be (-16357)/33 - 4/(-6)*1. What is the hundreds digit of 20/(d/72 - -7)?
1
Suppose 0 = y - 5*j - 6155 + 393, -4*j + 8 = 0. What is the tens digit of y?
7
Suppose -23*o + 25*o - 47947 = 5*u, -5*o + 119745 = 5*u. What is the tens digit of o?
5
Let p(n) be the first derivative of 2*n**3/3 + 3*n**2/2 - 28*n - 11. What is the units digit of p(6)?
2
Let b(k) = k**3 - 10*k**2 - 12*k + 15. Let j be b(11). Suppose -675 = -j*a - 175. Suppose -a = 5*l - 10*l. What is the units digit of l?
5
Let y(a) = a**3 - 6*a**2 - 9*a - 18. Let n be y(11). Let q = n + -123. What is the tens digit of q?
6
Suppose -17 = -10*u - 297. Let r(a) = a**3 + 29*a**2 + 10*a + 44. What is the units digit of r(u)?
8
Suppose -4*o = 2*n - 74, 5*o - o - 3*n = 49. Suppose o*y - 290